s 4621 a prime number?
True
Is 303061 a composite number?
True
Is 453823 a composite number?
False
Is 455983 prime?
False
Is 354001 prime?
True
Is 89 a prime number?
True
Is 778 composite?
True
Is 22465 prime?
False
Is 369839 composite?
True
Is 7493 a prime number?
False
Is 2897 composite?
False
Is 19781 composite?
True
Is 59387 composite?
False
Is 46327 a prime number?
True
Is 138041 composite?
False
Is 6521 composite?
False
Is 13603 composite?
True
Is 983 composite?
False
Is 54233 prime?
False
Is 8939 composite?
True
Is 39793 a prime number?
False
Is 210677 a prime number?
False
Is 117779 a composite number?
False
Is 3517519 a composite number?
True
Is 232615 prime?
False
Is 559063 composite?
True
Is 128407 composite?
True
Is 12247 a composite number?
True
Is 45587 composite?
False
Is 29611 a prime number?
True
Is 117223 a composite number?
False
Is 58447 a composite number?
True
Is 321547 composite?
False
Is 628073 a composite number?
True
Is 5711 a prime number?
True
Is 164935 a composite number?
True
Is 261127 a prime number?
True
Is 2155 prime?
False
Is 2017 prime?
True
Is 748253 composite?
True
Is 3639 a composite number?
True
Is 3343 a composite number?
False
Is 236399 a composite number?
False
Is 3054809 a composite number?
False
Is 412849 prime?
True
Is 29611 a prime number?
True
Is 64901 a composite number?
False
Is 156007 prime?
True
Is 11033227 a composite number?
False
Is 118387 a prime number?
True
Is 4241837 composite?
True
Is 9487 composite?
True
Is 173243 prime?
False
Is 79099 prime?
False
Is 7393 composite?
False
Is 10369 a prime number?
True
Is 53683 a composite number?
True
Is 73993 a prime number?
False
Is 21871 composite?
False
Is 41765 a prime number?
False
Is 656347 composite?
False
Is 13271 composite?
True
Is 368359 a composite number?
False
Is 9299 prime?
False
Is 432211 composite?
True
Is 11909 a composite number?
False
Is 310381 a composite number?
True
Is 154519 a prime number?
False
Is 152653 composite?
True
Is 15727 composite?
False
Is 10663 composite?
False
Is 757 composite?
False
Is 190921 prime?
True
Is 18119 a composite number?
False
Is 171149 composite?
True
Is 78007 a prime number?
True
Is 26521 composite?
True
Is 5737 composite?
False
Is 75311 composite?
True
Is 195523 prime?
False
Is 564827 a prime number?
True
Is 16603 composite?
False
Is 49229 a composite number?
True
Is 293 a composite number?
False
Is 13997 prime?
True
Is 176977 prime?
True
Is 7249 prime?
False
Is 291077 prime?
True
Is 91079 prime?
True
Is 235159 a composite number?
False
Is 1041041 composite?
False
Is 487561 a prime number?
True
Is 2669 prime?
False
Is 6769 prime?
False
Is 913537 a prime number?
False
Is 797 composite?
False
Is 519217 a composite number?
False
Is 15541 a composite number?
False
Is 27309 prime?
False
Is 2331257 prime?
False
Is 21863 prime?
True
Is 75171 a composite number?
True
Is 1721 a prime number?
True
Is 385921 prime?
False
Is 251 composite?
False
Is 43889 a composite number?
False
Is 1577 prime?
False
Is 10211 a composite number?
False
Is 171997 a prime number?
False
Is 28286 composite?
True
Is 21583 a prime number?
False
Is 19121 prime?
True
Is 148663 a composite number?
False
Is 9115 prime?
False
Is 2494421 prime?
True
Is 343019 composite?
False
Is 6411 composite?
True
Is 5363 a composite number?
True
Is 70271 composite?
False
Is 189683 a composite number?
True
Is 409 composite?
False
Is 164569 composite?
False
Is 48973 composite?
False
Is 2182 a composite number?
True
Is 9017 composite?
True
Is 67387 composite?
True
Is 8893 composite?
False
Is 4327 a prime number?
True
Is 1156249 prime?
True
Is 200701 prime?
False
Is 93563 composite?
False
Is 2411 prime?
True
Is 1543 a prime number?
True
Is 113947 a composite number?
False
Is 23461 prime?
False
Is 28559 a composite number?
False
Is 122182 prime?
False
Is 298055 composite?
True
Is 19697 a prime number?
True
Is 37187 a composite number?
True
Is 2195 composite?
True
Is 4260055 a composite number?
True
Is 1354 a prime number?
False
Is 63761 a prime number?
True
Is 3989 composite?
False
Is 60493 a composite number?
False
Is 7177 a prime number?
True
Is 639043 prime?
True
Is 254857 prime?
True
Is 786515 a composite number?
True
Is 64501 a prime number?
False
Is 22229 composite?
False
Is 23515 a composite number?
True
Is 15769 prime?
False
Is 41539 composite?
False
Is 258331 prime?
True
Is 2798 composite?
True
Is 14971 a prime number?
False
Is 5191 prime?
False
Is 5327 prime?
False
Is 290317 a prime number?
True
Is 293609 composite?
True
Is 641479 composite?
False
Is 17494 prime?
False
Is 367733 composite?
False
Is 72613 a composite number?
False
Is 1357 composite?
True
Is 7669 a composite number?
False
Is 26615 composite?
True
Is 782581 a composite number?
False
Is 181483 composite?
True
Is 72389 prime?
False
Is 31718 a prime number?
False
Is 2459 prime?
True
Is 48469 a prime number?
False
Is 320821 prime?
True
Is 10313 a composite number?
False
Is 1897341 a composite number?
True
Is 257837 composite?
False
Is 743 a composite number?
False
Is 2467522 composite?
True
Is 302261 a composite number?
False
Is 34081 prime?
False
Is 1881177 a prime number?
False
Is 2002139 a prime number?
False
Is 130423 a prime number?
True
Is 576287 composite?
False
Is 1990057 a prime number?
False
Is 311317 a composite number?
True
Is 29347 a composite number?
False
Is 7177 composite?
False
Is 666949 a prime number?
False
Is 380829 a prime number?
False
Is 93047 a prime number?
True
Is 26157 a composite number?
True
Is 314 a composite number?
True
Is 42503 a composite number?
True
Is 3557 a prime number?
True
Is 178459 a prime number?
False
Is 36658 composite?
True
Is 7639 prime?
True
Is 25913 composite?
False
Is 9143 prime?
False
Is 460923 composite?
True
Is 19601 prime?
False
Is 8767 prime?
False
Is 1861 prime?
True
Is 254593 a composite number?
False
Is 25526 composite?
True
Is 254119 composite?
False
Is 11777 a composite number?
False
Is 110771 a composite number?
False
Is 20323 a prime number?
True
Is 1063151 a composite number?
False
Is 103262 a composite number?
True
Is 88643 a prime number?
True
Is 43093 a composite number?
False
Is 1695203 a composite number?
True
Is 588293 composite?
False
Is 545849 composite?
True
Is 541841 a prime number?
False
Is 2267 prime?
True
Is 583537 prime?
True
Is 48473 prime?
True
Is 140269 prime?
True
Is 3299 a composite number?
False
Is 35221 a prime number?
True
Is 62851 a composite number?
False
Is 1296194 a prime number?
False
Is 61391 a composite number?
True
Is 24343 prime?
False
Is 29195 a prime number?
False
Is 2833 prime?
True
Is 70989 prime?
False
Is 89261 a prime number?
True
Is 762499 composite?
False
Is 342347 prime?
True
Is 11351 a prime number?
True
Is 286211 a prime number?
False
Is 251383 a prime number?
False
Is 576053 prime?
False
Is 3143263 a composite number?
False
Is 74318 composite?
True
Is 5959 a composite number?
True
Is 1926973 a composite number?
False
Is 4279 prime?
False
Is 150929 a composite number?
False
Is 2453 prime?
False
Is 18947 prime?
True
Is 5141 a composite number?
True
Is 1766645 prime?
False
Is 151597 composite?
False
Is 1039 composite?
False
Is 397841 a composite number?
True
Is 35299 a prime number?
False
Is 8149 a prime number?
False
Is 359207 composite?
False
Is 25367 composite?
False
Is 395 a prime number?
False
Is 10979 composite?
False
Is 81199 composite?
False
Is 116731 composite?
False
Is 4259 a prime number?
True
Is 15591 a composite number?
True
Is 376291 a prime number?
True
Is 7609 a prime number?
False
Is 195665 prime?
False
Is 416734 a prime number?
False
Is 45419 a composite number?
True
Is 56837 composite?
True
Is 50969 prime?
True
Is 8809 a composite number?
True
Is 2073 a prime number?
False
Is 117893 prime?
False
Is 75961 a composite number?
True
Is 64463 prime?
False
Is 250583 prime?
True
Is 129871 a composite number?
True
Is 479 composite?
False
Is 2243 a prime number?
True
Is 108179 a prime number?
True
Is 1060609 composite?
True
Is 52133 a composite number?
True
Is 2023661 composite?
False
Is 611573 a composite number?
True
Is 23719 a composite number?
False
Is 14095 a prime number?
False
Is 1737551 a prime number?
True
Is 110017 composite?
False
Is 188287 a composite number?
T